{"id":11979,"date":"2023-07-16T03:20:48","date_gmt":"2023-07-16T03:20:48","guid":{"rendered":"https:\/\/coopempresa.com\/website\/?page_id=11979"},"modified":"2023-07-20T03:33:31","modified_gmt":"2023-07-20T03:33:31","slug":"cuenta-coopsan","status":"publish","type":"page","link":"https:\/\/coopempresa.com\/website\/cuenta-coopsan\/","title":{"rendered":"Cuenta Coopsan"},"content":{"rendered":"\t\t<div data-elementor-type=\"wp-page\" data-elementor-id=\"11979\" class=\"elementor elementor-11979\">\n\t\t\t\t\t\t\t\t\t<section class=\"elementor-section elementor-top-section elementor-element elementor-element-7e4938d2 elementor-section-boxed elementor-section-height-default elementor-section-height-default\" data-id=\"7e4938d2\" data-element_type=\"section\">\n\t\t\t\t\t\t<div class=\"elementor-container elementor-column-gap-default\">\n\t\t\t\t\t<div class=\"elementor-column elementor-col-100 elementor-top-column elementor-element elementor-element-116eeef6\" data-id=\"116eeef6\" data-element_type=\"column\">\n\t\t\t<div class=\"elementor-widget-wrap\">\n\t\t\t\t\t\t\t\t\t<\/div>\n\t\t<\/div>\n\t\t\t\t\t\t\t<\/div>\n\t\t<\/section>\n\t\t\t\t<section class=\"elementor-section elementor-top-section elementor-element elementor-element-560fa376 elementor-section-boxed elementor-section-height-default elementor-section-height-default\" data-id=\"560fa376\" data-element_type=\"section\">\n\t\t\t\t\t\t<div class=\"elementor-container elementor-column-gap-default\">\n\t\t\t\t\t<div class=\"elementor-column elementor-col-100 elementor-top-column elementor-element elementor-element-67bf6fd7\" data-id=\"67bf6fd7\" data-element_type=\"column\">\n\t\t\t<div class=\"elementor-widget-wrap elementor-element-populated\">\n\t\t\t\t\t\t\t\t<div class=\"elementor-element elementor-element-64b2d079 elementor-widget elementor-widget-heading\" data-id=\"64b2d079\" data-element_type=\"widget\" data-widget_type=\"heading.default\">\n\t\t\t\t<div class=\"elementor-widget-container\">\n\t\t\t<style>\/*! elementor - v3.16.0 - 20-09-2023 *\/\n.elementor-heading-title{padding:0;margin:0;line-height:1}.elementor-widget-heading .elementor-heading-title[class*=elementor-size-]>a{color:inherit;font-size:inherit;line-height:inherit}.elementor-widget-heading .elementor-heading-title.elementor-size-small{font-size:15px}.elementor-widget-heading .elementor-heading-title.elementor-size-medium{font-size:19px}.elementor-widget-heading .elementor-heading-title.elementor-size-large{font-size:29px}.elementor-widget-heading .elementor-heading-title.elementor-size-xl{font-size:39px}.elementor-widget-heading .elementor-heading-title.elementor-size-xxl{font-size:59px}<\/style><h2 class=\"elementor-heading-title elementor-size-default\">Cuenta Coopsan<\/h2>\t\t<\/div>\n\t\t\t\t<\/div>\n\t\t\t\t\t<\/div>\n\t\t<\/div>\n\t\t\t\t\t\t\t<\/div>\n\t\t<\/section>\n\t\t\t\t<section class=\"elementor-section elementor-top-section elementor-element elementor-element-7f867773 elementor-section-boxed elementor-section-height-default elementor-section-height-default\" data-id=\"7f867773\" data-element_type=\"section\">\n\t\t\t\t\t\t<div class=\"elementor-container elementor-column-gap-default\">\n\t\t\t\t\t<div class=\"elementor-column elementor-col-50 elementor-top-column elementor-element elementor-element-2421e7d3\" data-id=\"2421e7d3\" data-element_type=\"column\">\n\t\t\t<div class=\"elementor-widget-wrap elementor-element-populated\">\n\t\t\t\t\t\t\t\t<div class=\"elementor-element elementor-element-276dcad1 elementor-widget elementor-widget-text-editor\" data-id=\"276dcad1\" data-element_type=\"widget\" data-widget_type=\"text-editor.default\">\n\t\t\t\t<div class=\"elementor-widget-container\">\n\t\t\t<style>\/*! elementor - v3.16.0 - 20-09-2023 *\/\n.elementor-widget-text-editor.elementor-drop-cap-view-stacked .elementor-drop-cap{background-color:#69727d;color:#fff}.elementor-widget-text-editor.elementor-drop-cap-view-framed .elementor-drop-cap{color:#69727d;border:3px solid;background-color:transparent}.elementor-widget-text-editor:not(.elementor-drop-cap-view-default) .elementor-drop-cap{margin-top:8px}.elementor-widget-text-editor:not(.elementor-drop-cap-view-default) .elementor-drop-cap-letter{width:1em;height:1em}.elementor-widget-text-editor .elementor-drop-cap{float:left;text-align:center;line-height:1;font-size:50px}.elementor-widget-text-editor .elementor-drop-cap-letter{display:inline-block}<\/style>\t\t\t\t<p style=\"text-align: justify;\"><b><span style=\"font-size: 20.0pt; mso-bidi-font-size: 11.0pt; line-height: 115%; mso-ansi-language: ES;\">Cuenta Coopsan<\/span><\/b><\/p><p style=\"text-align: justify;\">Es una cuenta de ahorro a los fines de obtener un ahorro gradual desde 12 meses a 60 meses, a los fines de comprar un art\u00edculo u objetivo deseado. Los montos depositados podr\u00e1n ser retirados en cualquier momento, por lo que se considerar\u00e1 una cuenta de Ahorro.\u00a0 Los fondos disponibles no podr\u00e1n ser retirados a trav\u00e9s de la Plataforma electr\u00f3nica, sino que deber\u00e1 cancelar la cuenta definitivamente en persona f\u00edsica a los fines de retirar todos los fondos de la misma.<\/p><p style=\"text-align: justify;\"><b>Monto de Apertura:<\/b> Quinientos pesos dominicanos (RD$500.00).<\/p><p style=\"text-align: justify;\"><b>Balance M\u00ednimo:<\/b> Quinientos pesos dominicanos (RD$500.00).<\/p><p style=\"text-align: justify;\"><b>Mantenimiento:<\/b> Gratis. No hay cargos o impuestos a transacciones ni por los beneficios recibidos.<\/p><p style=\"text-align: justify;\">\u00a0<\/p><p style=\"text-align: justify;\"><b>Transferencias a Bancos:<\/b> No es posible realizar transacciones electr\u00f3nicas con este tipo de cuenta.<\/p><p style=\"text-align: justify;\">\u00a0<\/p><p style=\"text-align: justify;\">\u00a0<\/p>\t\t\t\t\t\t<\/div>\n\t\t\t\t<\/div>\n\t\t\t\t\t<\/div>\n\t\t<\/div>\n\t\t\t\t<div class=\"elementor-column elementor-col-50 elementor-top-column elementor-element elementor-element-7d69a373\" data-id=\"7d69a373\" data-element_type=\"column\">\n\t\t\t<div class=\"elementor-widget-wrap elementor-element-populated\">\n\t\t\t\t\t\t\t\t<div class=\"elementor-element elementor-element-3bede858 elementor-widget elementor-widget-image\" data-id=\"3bede858\" data-element_type=\"widget\" data-widget_type=\"image.default\">\n\t\t\t\t<div class=\"elementor-widget-container\">\n\t\t\t<style>\/*! elementor - v3.16.0 - 20-09-2023 *\/\n.elementor-widget-image{text-align:center}.elementor-widget-image a{display:inline-block}.elementor-widget-image a img[src$=\".svg\"]{width:48px}.elementor-widget-image img{vertical-align:middle;display:inline-block}<\/style>\t\t\t\t\t\t\t\t\t\t\t\t<img loading=\"lazy\" decoding=\"async\" width=\"1903\" height=\"1100\" src=\"https:\/\/coopempresa.com\/website\/wp-content\/uploads\/2021\/06\/blog-05.jpg\" class=\"attachment-full size-full wp-image-11523\" alt=\"\" srcset=\"https:\/\/coopempresa.com\/website\/wp-content\/uploads\/2021\/06\/blog-05.jpg 1903w, https:\/\/coopempresa.com\/website\/wp-content\/uploads\/2021\/06\/blog-05-600x347.jpg 600w, https:\/\/coopempresa.com\/website\/wp-content\/uploads\/2021\/06\/blog-05-300x173.jpg 300w, https:\/\/coopempresa.com\/website\/wp-content\/uploads\/2021\/06\/blog-05-1024x592.jpg 1024w, https:\/\/coopempresa.com\/website\/wp-content\/uploads\/2021\/06\/blog-05-768x444.jpg 768w, https:\/\/coopempresa.com\/website\/wp-content\/uploads\/2021\/06\/blog-05-1536x888.jpg 1536w\" sizes=\"(max-width: 1903px) 100vw, 1903px\" \/>\t\t\t\t\t\t\t\t\t\t\t\t\t\t\t<\/div>\n\t\t\t\t<\/div>\n\t\t\t\t\t<\/div>\n\t\t<\/div>\n\t\t\t\t\t\t\t<\/div>\n\t\t<\/section>\n\t\t\t\t<section class=\"elementor-section elementor-top-section elementor-element elementor-element-25547f45 elementor-section-boxed elementor-section-height-default elementor-section-height-default\" data-id=\"25547f45\" data-element_type=\"section\">\n\t\t\t\t\t\t<div class=\"elementor-container elementor-column-gap-default\">\n\t\t\t\t\t<div class=\"elementor-column elementor-col-100 elementor-top-column elementor-element elementor-element-5954a80b\" data-id=\"5954a80b\" data-element_type=\"column\">\n\t\t\t<div class=\"elementor-widget-wrap\">\n\t\t\t\t\t\t\t\t\t<\/div>\n\t\t<\/div>\n\t\t\t\t\t\t\t<\/div>\n\t\t<\/section>\n\t\t\t\t<section class=\"elementor-section elementor-top-section elementor-element elementor-element-3489bf0b elementor-section-boxed elementor-section-height-default elementor-section-height-default\" data-id=\"3489bf0b\" data-element_type=\"section\">\n\t\t\t\t\t\t<div class=\"elementor-container elementor-column-gap-default\">\n\t\t\t\t\t<div class=\"elementor-column elementor-col-50 elementor-top-column elementor-element elementor-element-128906c9\" data-id=\"128906c9\" data-element_type=\"column\">\n\t\t\t<div class=\"elementor-widget-wrap\">\n\t\t\t\t\t\t\t\t\t<\/div>\n\t\t<\/div>\n\t\t\t\t<div class=\"elementor-column elementor-col-50 elementor-top-column elementor-element elementor-element-49474a48\" data-id=\"49474a48\" data-element_type=\"column\">\n\t\t\t<div class=\"elementor-widget-wrap\">\n\t\t\t\t\t\t\t\t\t<\/div>\n\t\t<\/div>\n\t\t\t\t\t\t\t<\/div>\n\t\t<\/section>\n\t\t\t\t\t\t\t<\/div>\n\t\t","protected":false},"excerpt":{"rendered":"<p>Cuenta Coopsan Cuenta Coopsan Es una cuenta de ahorro a los fines de obtener un ahorro gradual desde 12 meses a 60 meses, a los fines de comprar un art\u00edculo u objetivo deseado. Los montos depositados podr\u00e1n ser retirados en cualquier momento, por lo que se considerar\u00e1 una cuenta de Ahorro.&nbsp; Los fondos disponibles no&#8230;<\/p>\n","protected":false},"author":1,"featured_media":0,"parent":0,"menu_order":0,"comment_status":"closed","ping_status":"closed","template":"","meta":{"_tbt_post_transparent":"","_tbt_post_title":"hide","_tbt_post_layout":"fullwidth","_tbt_post_sidebar_id":"","_tbt_post_content_style":"unboxed","_tbt_post_vertical_padding":"hide","_tbt_post_feature":"hide","_tbt_post_feature_position":"","_tbt_post_header":false,"_tbt_post_footer":false,"footnotes":""},"_links":{"self":[{"href":"https:\/\/coopempresa.com\/website\/wp-json\/wp\/v2\/pages\/11979"}],"collection":[{"href":"https:\/\/coopempresa.com\/website\/wp-json\/wp\/v2\/pages"}],"about":[{"href":"https:\/\/coopempresa.com\/website\/wp-json\/wp\/v2\/types\/page"}],"author":[{"embeddable":true,"href":"https:\/\/coopempresa.com\/website\/wp-json\/wp\/v2\/users\/1"}],"replies":[{"embeddable":true,"href":"https:\/\/coopempresa.com\/website\/wp-json\/wp\/v2\/comments?post=11979"}],"version-history":[{"count":7,"href":"https:\/\/coopempresa.com\/website\/wp-json\/wp\/v2\/pages\/11979\/revisions"}],"predecessor-version":[{"id":11997,"href":"https:\/\/coopempresa.com\/website\/wp-json\/wp\/v2\/pages\/11979\/revisions\/11997"}],"wp:attachment":[{"href":"https:\/\/coopempresa.com\/website\/wp-json\/wp\/v2\/media?parent=11979"}],"curies":[{"name":"wp","href":"https:\/\/api.w.org\/{rel}","templated":true}]}}